6) to base 8.
-20504314
Convert -41021345 (base 7) to base 16.
-34243a
What is -71063 (base 12) in base 16?
-23e0b
120639 (base 10) to base 11
82702
Convert 21234313 (base 5) to base 15.
3878d
Convert -503124 (base 7) to base 8.
-246213
-10000230031 (base 4) to base 12
-428551
1001120022211 (base 3) to base 2
10001001010001111001
-421130 (base 6) to base 12
-177a6
Convert 70b4a8 (base 12) to base 4.
12232010000
What is 57338 (base 14) in base 6?
4313050
What is 117443 (base 10) in base 9?
188082
-676be (base 15) to base 4
-1100103020
-a19db (base 14) to base 15
-7a341
What is -17510511 (base 8) in base 13?
-b074b4
What is -10010001111001000100 (base 2) in base 3?
-1010100201022
-100468 (base 10) to base 4
-120201310
Convert -2002021211220 (base 3) to base 16.
-10e801
What is 21033120 (base 4) in base 9?
56823
What is 1112a5b (base 12) in base 2?
1100011100000001100111
22212020 (base 5) to base 8
574113
Convert -93c16 (base 15) to base 5.
-104442341
Convert -f457a (base 16) to base 10.
-1000826
What is 6076533 (base 8) in base 16?
187d5b
Convert -372793 (base 12) to base 6.
-31113103
-140222633 (base 7) to base 3
-122010020122112
What is 670829 (base 13) in base 14?
473332
Convert 1684484 (base 12) to base 14.
891700
Convert -172ba44 (base 13) to base 11.
-42695a9
What is -a24947 (base 11) in base 6?
-55141320
-26024123 (base 7) to base 2
-1000111111111110110100
Convert 1261245 (base 9) to base 15.
d95e2
Convert -54602 (base 8) to base 4.
-11212002
What is -1023312032 (base 4) in base 12?
-12b952
Convert 4221856 (base 9) to base 16.
2275ec
Convert 12216424 (base 8) to base 10.
2694420
Convert 220142110 (base 5) to base 6.
32115341
What is 10001010100110001010100 (base 2) in base 3?
22112201210121
Convert -10101000011011101110 (base 2) to base 14.
-13d5ca
-1712d9 (base 15) to base 11
-6a3893
What is 5199524 (base 10) in base 14?
994c28
What is 22142031 (base 5) in base 4?
233031233
7420501 (base 8) to base 5
1001141333
Convert 10540563 (base 7) to base 16.
dffe0
Convert b57739 (base 14) to base 10.
6128775
What is 10803803 (base 9) in base 12?
1916b33
Convert 2004023 (base 6) to base 11.
64849
81d57a (base 16) to base 6
502212322
1114601 (base 8) to base 4
1021212001
What is -303442440 (base 5) in base 4?
-10231103020
2323202133 (base 4) to base 5
144040114
What is 110222203 (base 4) in base 10?
84643
What is 3b01b (base 16) in base 11?
15564a
Convert -200222001111 (base 3) to base 7.
-3113206
-1231511050 (base 6) to base 8
-66626246
Convert -111001101111100110011 (base 2) to base 3.
-10120010112112
What is 13111034 (base 5) in base 9?
215725
What is -7715 (base 15) in base 10?
-25220
-33014044 (base 5) to base 11
-183197
-241476 (base 8) to base 3
-11012111211
-101022110220211 (base 3) to base 6
-313252204
What is 73862 (base 9) in base 14?
13b10
89a48 (base 11) to base 7
1052041
116c50 (base 15) to base 12
3420a9
Convert -1533833 (base 13) to base 2.
-11001110110100001101110
5255b0 (base 16) to base 12
1982754
Convert -42502 (base 10) to base 15.
-c8d7
Convert 188c5 (base 13) to base 6.
1004334
1432414001 (base 5) to base 3
21010210120222
Convert 1267421 (base 8) to base 14.
93ac9
What is 632c7 (base 15) in base 13?
b0203
Convert -55443313 (base 6) to base 16.
-197b7d
3107943 (base 10) to base 5
1243423233
Convert 518543 (base 9) to base 4.
1023031302
Convert -b40b97 (base 12) to base 11.
-1658069
What is -455452 (base 9) in base 5?
-32214032
Convert -266a5 (base 11) to base 8.
-112335
What is -303021034 (base 5) in base 12?
-4aa128
32045450 (base 6) to base 8
3453046
Convert 11000100110111010011011 (base 2) to base 12.
21b1163
-103130202223 (base 4) to base 9
-10528577
Convert 10010200110 (base 3) to base 10.
61734
Convert -2550403 (base 6) to base 12.
-68403
221499 (base 10) to base 14
5aa15
Convert -434015411 (base 6) to base 5.
-3440404143
Convert -100410305 (base 6) to base 7.
-20360426
Convert 92e25 (base 16) to base 6.
20521205
What is 3bd6b (base 14) in base 11?
a1284
What is -5c4b (base 15) in base 4?
-10302332
1410471 (base 9) to base 16
bd1ba
161407 (base 9) to base 5
11140400
11002200 (base 4) to base 2
101000010100000
What is 883163 (base 10) in base 4?
3113213123
1302230200 (base 4) to base 16
72b20
Convert -2300012223 (base 4) to base 3.
-1100122110200
Convert -19db56 (base 15) to base 16.
-133f77
What is -1014029 (base 10) in base 3?
-1220111222122
-303220100 (base 4) to base 5
-23231342
Convert 2300242044 (base 5) to base 14.
965cbb
What is 2a9e4 (base 15) in base 5?
13342424
What is 134464 (base 12) in base 4?
1031302030
What is -414303413 (base 6) in base 15?
-9760a3
What is 1135452 (base 9) in base 3?
1011012111202
What is 14c1367 (base 13) in base 8?
31312736
21422121 (base 5) to base 12
8b707
What is 455907 (base 15) in base 6?
154533524
What is -4320242 (base 8) in base 14?
-22100a
Convert -172532 (base 10) to base 4.
-222013310
Convert 258943 (base 10) to base 15.
51acd
What is 1833155 (base 9) in base 4?
3322130222
What is b059 (base 16) in base 12?
22161
What is -12200242304 (base 5) in base 11?
-8188739
Convert 15140 (base 9) to base 14.
3a95
What is -a23070 (base 11) in base 6?
-55122250
133213331 (base 4) to base 14
352c5
Convert -21503054 (base 8) to base 14.
-8844d6
-452d2 (base 16) to base 2
-1000101001011010010
What is -10110001110010000101 (base 2) in base 3?
-1100222220021
Convert -65640447 (base 8) to base 16.
-d74127
Convert 54a03b (base 12) to base 14.
26dd4b
240420111 (base 5) to base 7
12261645
What is -1467b4 (base 15) in base 4?
-3300030331
What is 50be4 (base 15) in base 5?
31141224
Convert 71147 (base 14) to base 2.
1000010011000101011
-11a93a (base 11) to base 13
-68709
Convert 677485 (base 9) to base 3.
202121112212
Convert 364601 (base 7) to base 10.
66494
14161347 (base 9) to base 14
d05dd1
-106b30 (base 12) to base 14
-6b0a0
What is -30768 (base 9) in base 11?
-14296
Convert -12420343 (base 7) to base 11.
-702857
Convert -2477751 (base 8) to base 15.
-d8d3a
What is -a7a13 (base 11) in base 16?
-26517
What is -26545636 (base 7) in base 15?
-3357da
What is -13cc29a (base 14) in base 5?
-4431344311
What is -1012512522 (base 6) in base 13?
-2234645
-2405155 (base 6) to base 3
-20101020122
Convert -6044027 (base 9) to base 3.
-20001111000221
10011011001100101001100 (base 2) to base 6
301000020
36034 (base 12) to base 14
1c66c
3602370 (base 9) to base 16
1dc2ad
What is 510624 (base 8) in base 6?
3335204
Convert 1121221212012 (base 3) to base 13.
243a85
Convert -5684170 (base 11) to base 7.
-150355206
Convert dc4a84 (base 14) to base 3.
112001022002111
Convert 1603242 (base 7) to base 5.
24012043
What is 5221120 (base 6) in base 16?
3d728
Convert 100235 (base 10) to base 13.
36815
1126059 (base 11) to base 10
1969944
What is -13312003001 (base 4) in base 8?
-7660301
-33045 (base 6) to base 4
-1013111
Convert 4240031312 (base 5) to base 13.
1acba04
Convert -11011111010001010 (base 2) to base 8.
-337212
Convert -53436607 (base 8) to base 5.
-10410402030
-323322013 (base 5) to base 13
-396a65
13906 (base 16) to base 5
10031014
What is -2386a34 (base 12) in base 4?
-122103221020
Convert 1111111111111011011 (base 2) to base 11.
328972
Convert -110322132213 (base 4) to base 3.
-101022112110010
Convert 2464016 (base 7) to base 3.
121011122112
-202151143 (base 6) to base 16
-34e747
Convert 363461 (base 11) to base 6.
20200315
What is 1313010232 (base 4) in base 11?
303488
-106018 (base 16) to base 2
-100000110000000011000
Convert 146352632 (base 7) to base 10.
9828296
What is -1111022220 (base 3) in base 6?
-344040
-132113212033 (base 4) to base 16
-79798f
What is 35bcab (base 14) in base 8?
7006237
12a02a3 (base 12) to base 5
1421111134
Convert 1314202402 (base 5) to base 3.
20011020122121
10020122 (base 3) to base 5
33431
Convert -5007061 (base 8) to base 2.
-101000000111000110001
Convert -5aa0e (base 15) to base 3.
-112200121212
3726258 (base 9) to base 16
1ee7a1
213330 (base 9) to base 2
11111000010001100
Convert -7663501 (base 10) to base 6.
-432131101
Convert -c078 (base 15) to base 4.
-21322211
-3441410 (base 5) to base 3
-10011012012
Convert -2003658 (base 10) to base 3.
-10202210111120
What is 130142401 (base 5) in base 4?
2122003000
What is -10340231 (base 5) in base 12?
-44156
-4922b3 (base 14)